. Let c be (q/3 + -5)*-1 - 1. Suppose -3*k - 312 = -6*k. What is the greatest common divisor of c and k?
13
Let p be 32*((-2)/(-2))/((-76)/(-2660)). What is the greatest common factor of 64 and p?
32
Suppose 44*x = 39*x + 35. Suppose -2*z + x + 35 = 0. Suppose 0*b - 36 = -3*b + 2*g, 3*b - 48 = -2*g. What is the greatest common factor of z and b?
7
Suppose z = 2*y - 7*y + 850, -2*y = -z - 333. Suppose -641*m = -584*m - 3705. Calculate the greatest common divisor of m and y.
13
Suppose -81*t = -87*t + 24. What is the greatest common factor of 28 and t?
4
Let z be (-4)/(-8) + (-48132)/(-1528). Let f(v) = -9*v - 7. Let g be f(-7). What is the highest common factor of g and z?
8
Suppose 2*k = -2*q + 28, 2829 - 2847 = -q - 3*k. Suppose 0 = -4*z + 2*y + 54, -3*z - 2*z + 55 = -5*y. Calculate the highest common divisor of z and q.
4
Let k(c) = 10*c. Let p be k(8). Suppose 16 = 5*m - 4. Let q(v) = v + 28. Let x be q(m). Calculate the highest common factor of x and p.
16
Suppose -m + 4*l = -76, m + 42*l - 94 = 37*l. What is the highest common divisor of 60 and m?
12
Let a = -102 + 116. Suppose -1 = -3*p + a. Calculate the highest common factor of 40 and p.
5
Let t = 18 - 5. Let q be (1/4*13)/((-17)/1428*-7). What is the highest common divisor of t and q?
13
Suppose -79 = -13*y + 311. Let i = 44 + y. What is the highest common factor of 259 and i?
37
Suppose 4*z + b - 3 = 0, 4*z = -3*b - 0*b + 9. Suppose z*f = f - 16. What is the greatest common divisor of f and 64?
16
Suppose -262*d = -5459*d + 51970. Let q = -10 - -55. What is the greatest common factor of d and q?
5
Let y = -9773 + 24882. Calculate the highest common divisor of 29 and y.
29
Suppose 0 = -2*q + q - 3. Let r be -4 + 28/(-154) + (-20)/11. Let d be 4 - (q - r) - -17. Calculate the greatest common factor of 2 and d.
2
Suppose 2*n + 2 + 2 = 0, -5*m = -5*n - 275. What is the greatest common factor of m and 5671?
53
Let i(h) = 60*h - 622. Let p be i(12). Calculate the greatest common divisor of 350 and p.
14
Let m be (-2)/4*-272 + (-16)/(-4) + -9. Calculate the highest common factor of 2358 and m.
131
Let a be ((-154)/44)/((-3)/738). Calculate the greatest common factor of 123 and a.
123
Let t = 2812 + 128. What is the greatest common factor of 168 and t?
84
Let x(y) = y**3 + y**2 - 19*y. Suppose -5*c - 2*n = -24, 12 = 2*c - 21*n + 23*n. Let u be x(c). Calculate the highest common factor of u and 64.
4
Suppose 16*p + 30 = 11*p, -761 = -h - 5*p. Calculate the greatest common divisor of 28 and h.
7
Let r = 1484 + -1356. Suppose 172 = 15*w - 1508. What is the greatest common divisor of w and r?
16
Let n(r) = -r**3 + 14*r**2 + 24*r + 152. Let s be n(15). Calculate the highest common divisor of 1025 and s.
41
Suppose 19*a - 5513 = 7*a + 151. What is the greatest common divisor of 136 and a?
8
Let g = 69648 - 35537. Calculate the greatest common factor of 77 and g.
77
Suppose -54*j + 340*j - 67180 - 2318 = 0. Calculate the highest common factor of 1053 and j.
81
Suppose 15 = 4*d + d, 0 = 3*q - 3*d - 3. Let w be 1 + (-2 - q) - (-88 - -18). What is the highest common divisor of 10 and w?
5
Suppose -1168 = 3*h + 4*a - 3607, 0 = 5*h - 3*a - 4094. Calculate the greatest common factor of 19 and h.
19
Suppose -3*x - 4*l = -592, -3*l = 88*x - 85*x - 588. What is the greatest common divisor of 948 and x?
12
Suppose g = 3*q - 7*q + 141, -5*g - 3*q + 824 = 0. Calculate the highest common divisor of 9 and g.
1
Let q be 2*2*(912/32 + -26). What is the highest common divisor of q and 2010?
10
Let b be 3*8/(5 - 3). Let z(x) = x**3 + 28*x**2 + 25*x + 30. Let k be z(-26). Calculate the highest common factor of b and k.
12
Let t = 2700 + 2900. Suppose -8*b - 8*b = -t. Calculate the greatest common factor of 140 and b.
70
Suppose -2*t - 4865 = -2*m + 705, t = 4*m - 11125. Calculate the greatest common factor of 10 and m.
10
Suppose -5*g - 117 = -3*c, 190*c + 5*g = 194*c - 166. Calculate the greatest common factor of c and 6811.
49
Suppose -131637*x = -131651*x + 126. What is the highest common factor of x and 28125?
9
Suppose 2*w + w = 2*y - 16, -y + w + 6 = 0. Suppose -3*z + t = -186, -y*t + 0*t = -3*z + 186. What is the highest common divisor of 93 and z?
31
Let u = -574 + 586. Suppose u*n + 48 = y + 16*n, -5*y = -3*n - 125. What is the greatest common divisor of y and 126?
14
Let s be ((-24)/30)/((-3)/270). Suppose 12*v - 64*v + 936 = 0. What is the greatest common divisor of v and s?
18
Suppose 3*j + 3*c + 3 = 0, -3*c = -6*j + 2*j + 24. Suppose -4*p + 0*f + 1027 = -3*f, j = -3*f. What is the greatest common divisor of 16 and p?
16
Suppose -39*s + 11*s = -756. Let t(w) = 8*w - 16. Let l be t(s). What is the greatest common factor of l and 80?
40
Let r(a) = -15*a**3 + 3*a**2 + 16*a + 46. Let t be r(-4). Calculate the greatest common divisor of 11 and t.
11
Suppose -160 = -6*f + 2*f. Let p be (1 + 0)*(38 - 33). Suppose 2*j - 34 + 8 = -2*o, 5*o - p*j - 35 = 0. What is the highest common factor of f and o?
10
Let a(w) = -8*w**2 + 1049*w + 223. Let j be a(93). What is the greatest common divisor of j and 28?
28
Let c = 40 - 16. Let q be (2/(-18)*3)/(2/(-96)). Suppose 34 = 3*u + q. What is the greatest common divisor of u and c?
6
Let g(m) = 17*m - 92. Let f be g(40). Calculate the highest common factor of 308 and f.
28
Suppose 5*v + 31 = 4*z + 128, 31 = v + 5*z. Suppose 60 = 3*x - 165. Let m = 222 - x. Calculate the greatest common factor of m and v.
21
Suppose 4*a + 7 = o, -3*o - a + 55 = 4*a. Let s(i) = 4*i + 23. Let z be s(-7). Let m be o - 1 - 5/z. What is the highest common factor of m and 6?
3
Suppose -126*d + 1649 = -121*d + 3*m, -610 = -2*d + 5*m. What is the highest common factor of 42575 and d?
325
Let g(w) = 85*w**2 + 81*w + 305. Let j be g(-5). What is the greatest common divisor of 25 and j?
25
Let u(s) = 18*s - 4. Let w be u(3). Let n = 185 - 247. Let a = n - -87. Calculate the greatest common factor of w and a.
25
Suppose -291 - 321 = -5*g + 18. Calculate the greatest common divisor of g and 924.
42
Suppose 2*p = -2*d + 10, -2*p = -3*d - 2*d - 10. Suppose -324 = -8*k + p*k. Calculate the greatest common divisor of 12 and k.
12
Suppose -141*k + 23392 = 3*z - 140*k, 0 = -4*z + k + 31187. Calculate the greatest common divisor of 1017 and z.
339
Let r = -669 + 361. Let h be (120/42)/(11/(r/(-8))). Let w(d) = -10*d**3 - d**2 - 3*d - 2. Let t be w(-2). What is the highest common divisor of t and h?
10
Suppose 2*r + 16 = -3*r + 4*t, -t + 4 = -3*r. Suppose -2*o + r*o + 3*w + 79 = 0, 0 = -2*o - 4*w + 44. Calculate the greatest common factor of o and 160.
32
Suppose 0 = 11*m + 1775 - 1830. Let p(v) = 10*v**2 + v - 2. Let j be p(2). What is the highest common divisor of m and j?
5
Let w = -38 + -10. Let l be (-1)/(-2)*-1*w. Calculate the highest common factor of l and 16.
8
Suppose 3*w = 5*s - 5720, -6*s + 4576 = -2*s - 2*w. Suppose 0 = 50*t - 72*t + s. What is the highest common divisor of t and 104?
52
Let o = -398 + 636. Suppose 8*m - 100 = 3*d, -d = m + 38 - 56. What is the highest common divisor of o and m?
14
Let d = 603 - 600. Suppose -d*z - g + 72 = 0, 5*z - z - 2*g = 86. Calculate the highest common divisor of 368 and z.
23
Let b(y) = y**3 - 47*y**2 - 98*y + 30. Let z be b(49). What is the highest common divisor of 365 and z?
5
Suppose 8*s + 12*s = 1905 + 555. Calculate the greatest common divisor of s and 5289.
123
Let d = 35 + -33. Suppose 0 = -3*b - 3, d*x + 0*b = 4*b + 204. Suppose -x = -3*w - 13. Calculate the highest common factor of w and 203.
29
Let w(x) = 766*x + 5538. Let o be w(-7). Calculate the greatest common divisor of o and 1243.
11
Let u = 11 - 4. Let o be -3 - 1/((-2)/12). Suppose 4*a - 26 = 2*y + 64, -o*a + 60 = y. What is the highest common divisor of u and a?
7
Suppose 4*x - 5568 = -4*f, -2*f - f - 5*x + 4176 = 0. Suppose 16*l = -f + 4432. What is the highest common factor of l and 10?
10
Let c be ((-2)/(-12))/((-6)/168)*-6. Suppose 0*y + c*y - 336 = 0. Suppose 2*x = -0*x + 6. What is the greatest common divisor of x and y?
3
Let x = -4012 + 4039. Calculate the highest common factor of 141 and x.
3
Let k be (-8 - 340)*2/(-4). Let v be (5 - 0) + (6/3 - 5). Let g(h) = 16*h - 3. Let q be g(v). What is the greatest common divisor of k and q?
29
Suppose 3*y = 5*z - 310 + 1994, 0 = 2*y - 